, 107, 46681
What are the prime factors of 1226710824?
2, 3, 113, 199, 2273
List the prime factors of 119977340.
2, 5, 7, 89, 9629
List the prime factors of 142235563.
157, 905959
List the prime factors of 206220238.
2, 7, 67, 219851
What are the prime factors of 5135209?
41, 251, 499
List the prime factors of 2181699559.
13, 3673, 45691
What are the prime factors of 59589825?
3, 5, 794531
List the prime factors of 3040644993.
3, 19, 41, 137, 9497
What are the prime factors of 66987490?
2, 5, 6698749
What are the prime factors of 694691492?
2, 11, 130483
List the prime factors of 670100093.
13, 4597, 11213
List the prime factors of 38002858.
2, 193, 98453
List the prime factors of 47393649.
3, 5265961
What are the prime factors of 3372014467?
73, 89, 519011
List the prime factors of 35204195.
5, 13, 17, 31859
What are the prime factors of 69802166?
2, 7, 53, 89, 151
What are the prime factors of 18052614?
2, 3, 67, 14969
List the prime factors of 85283269.
6143, 13883
List the prime factors of 6955272811.
6955272811
What are the prime factors of 1200681272?
2, 7, 67, 320011
List the prime factors of 72368437.
72368437
List the prime factors of 281426967.
3, 1549, 2243
List the prime factors of 100631097.
3, 7, 41, 38959
List the prime factors of 100624734.
2, 3, 7, 17, 2237
List the prime factors of 526906273.
173, 3045701
List the prime factors of 94198008.
2, 3, 347, 11311
List the prime factors of 3783350508.
2, 3, 7, 45039887
What are the prime factors of 679569987?
3, 523, 433123
What are the prime factors of 143594693?
11, 797, 1489
List the prime factors of 141805300.
2, 5, 7, 13, 15583
What are the prime factors of 2465865258?
2, 3, 19, 2003, 10799
What are the prime factors of 3661224?
2, 3, 7, 19, 31, 37
List the prime factors of 882742022.
2, 4721, 93491
List the prime factors of 34478355.
3, 5, 31, 53, 1399
What are the prime factors of 292238717?
292238717
List the prime factors of 6047275259.
1597, 3786647
What are the prime factors of 699153684?
2, 3, 43, 1354949
List the prime factors of 84602614.
2, 487, 86861
List the prime factors of 4930631874.
2, 3, 7, 41, 23279
What are the prime factors of 3759354269?
11, 19, 3617, 4973
List the prime factors of 78168316.
2, 19542079
What are the prime factors of 109463687?
109463687
What are the prime factors of 1029592401?
3, 23, 137, 108917
List the prime factors of 49565935.
5, 9913187
What are the prime factors of 13823993?
223, 61991
What are the prime factors of 2162520762?
2, 3, 360420127
What are the prime factors of 1135725567?
3, 79, 97, 127, 389
What are the prime factors of 328217654?
2, 164108827
What are the prime factors of 148862339?
3821, 38959
List the prime factors of 6648692.
2, 419, 3967
What are the prime factors of 454153719?
3, 8597, 17609
What are the prime factors of 479294648?
2, 7, 8558833
What are the prime factors of 1183242242?
2, 7, 13, 491, 13241
List the prime factors of 1238453401.
193, 547, 11731
List the prime factors of 1068780075.
3, 5, 11, 1295491
List the prime factors of 65834033.
65834033
List the prime factors of 11228077.
7, 569, 2819
What are the prime factors of 38480403?
3, 13, 23, 42899
List the prime factors of 568087409.
29, 2851, 6871
What are the prime factors of 15524271?
3, 7, 82139
What are the prime factors of 779160449?
109, 7148261
List the prime factors of 3931648339.
107, 919, 39983
List the prime factors of 857367117.
3, 95263013
List the prime factors of 515535258.
2, 3, 7, 293, 41893
What are the prime factors of 799964299?
47, 1367, 12451
What are the prime factors of 311222829?
3, 103740943
What are the prime factors of 5393026405?
5, 13, 19, 4366823
List the prime factors of 5481378668.
2, 6037, 226991
What are the prime factors of 148546844?
2, 709, 52379
What are the prime factors of 133932726?
2, 3, 23, 323509
List the prime factors of 182055386.
2, 91027693
What are the prime factors of 737683096?
2, 92210387
List the prime factors of 291281448.
2, 3, 12136727
What are the prime factors of 2110187603?
2110187603
What are the prime factors of 106529381?
7, 971, 2239
List the prime factors of 292100048.
2, 743, 24571
List the prime factors of 140578779.
3, 11, 499, 8537
What are the prime factors of 6139808721?
3, 1493, 152311
List the prime factors of 1683302855.
5, 13, 17, 1523351
What are the prime factors of 3054440853?
3, 211, 536149
What are the prime factors of 183586810?
2, 5, 11, 1668971
List the prime factors of 7394604885.
3, 5, 54774851
What are the prime factors of 4910835?
3, 5, 19, 17231
List the prime factors of 107883152.
2, 13, 59, 149
What are the prime factors of 33763810?
2, 5, 79, 541
List the prime factors of 512540977.
13, 71, 421, 1319
What are the prime factors of 76900835?
5, 11, 1398197
What are the prime factors of 40454290?
2, 5, 41, 98669
What are the prime factors of 57167992?
2, 7, 271, 3767
What are the prime factors of 26335716?
2, 3, 11, 131, 1523
List the prime factors of 216835904.
2, 19, 23, 7753
What are the prime factors of 23196446?
2, 7, 13, 127453
List the prime factors of 2016233995.
5, 403246799
What are the prime factors of 1208294035?
5, 13, 18589139
What are the prime factors of 86891890?
2, 5, 1399, 6211
What are the prime factors of 50738270?
2, 5, 11, 461257
What are the prime factors of 2872383860?
2, 5, 61, 2354413
What are the prime factors of 425396086?
2, 23, 9247741
List the prime factors of 6017990681.
641, 9388441
What are the prime factors of 763334?
2, 11, 13, 17, 157
What are the prime factors of 430833448?
2, 17, 443, 7151
What are the prime factors of 234047923?
31, 137, 55109
List the prime factors of 347470611.
3, 379, 305603
What are the prime factors of 81985098?
2, 3, 13, 61, 17231
What are the prime factors of 93317441?
7, 37, 127, 2837
List the prime factors of 14477353.
11, 17, 77419
List the prime factors of 66782882.
2, 29, 73, 15773
What are the prime factors of 29529424?
2, 23, 29, 2767
List the prime factors of 73177833.
3, 101, 241511
List the prime factors of 80668517.
29, 59, 47147
What are the prime factors of 3025731818?
2, 1512865909
What are the prime factors of 2127574?
2, 37, 28751
List the prime factors of 194105074.
2, 31, 1381, 2267
List the prime factors of 2607288975.
3, 5, 11587951
What are the prime factors of 328811451?
3, 31, 3535607
What are the prime factors of 25081370?
2, 5, 61, 41117
List the prime factors of 88503045.
3, 5, 19, 193, 1609
What are the prime factors of 132444893?
7, 1217, 2221
What are the prime factors of 23036895?
3, 5, 7, 73133
What are the prime factors of 160731556?
2, 40182889
What are the prime factors of 77978040?
2, 3, 5, 7, 92831
What are the prime factors of 423447001?
97, 4365433
What are the prime factors of 437757313?
7, 103, 607153
What are the prime factors of 1623855476?
2, 23, 17650603
List the prime factors of 152692940.
2, 5, 7634647
List the prime factors of 219333264.
2, 3, 19, 29, 8293
What are the prime factors of 320884137?
3, 7, 587, 8677
What are the prime factors of 1239262530?
2, 3, 5, 11, 1283, 2927
What are the prime factors of 152417052?
2, 3, 47, 10009
List the prime factors of 26493616.
2, 17, 257, 379
What are the prime factors of 218089837?
7, 1427, 3119
What are the prime factors of 24456839?
11, 953, 2333
List the prime factors of 1524050749.
13, 117234673
List the prime factors of 296160186.
2, 3, 7, 7051433
List the prime factors of 2285344444.
2, 97, 439, 13417
List the prime factors of 538366001.
11833, 45497
List the prime factors of 14369063.
17, 229, 3691
List the prime factors of 56419873.
19, 2969467
What are the prime factors of 358898222?
2, 31, 73, 179, 443
What are the prime factors of 1070776604?
2, 59, 4537189
What are the prime factors of 1552658731?
13, 2647, 45121
What are the prime factors of 5378293448?
2, 11, 61116971
List the prime factors of 1128043614.
2, 3, 8623, 21803
What are the prime factors of 12560379?
3, 13, 443, 727
What are the prime factors of 3861534?
2, 3, 643589
What are the prime factors of 5290030735?
5, 11, 241, 399097
What are the prime factors of 155259149?
59, 2631511
What are the prime factors of 824293783?
1063, 775441
What are the prime factors of 82507633?
13, 19, 17581
List the prime factors of 184534681.
23, 8023